 is the units digit of n?
7
Let y(g) = -g**2 + 6*g - 6. Let j be y(6). Suppose b - 2*a - 1 = -0*b, 0 = -3*b + 3*a + 18. Let q = j + b. What is the units digit of q?
5
Let n be 560/(-30) + 2/(-6). Let f = 2 - n. What is the tens digit of f?
2
Suppose 5*v = 540 + 295. What is the hundreds digit of v?
1
Let c(y) = 6*y**3. Let a be c(1). Suppose -a = -5*k + 2*r + 4, 2 = k + 5*r. Let d = 6 + k. What is the units digit of d?
8
Suppose 6 = -5*r + 16, r = -3*g + 29. Suppose -6*f - 81 = -g*f. What is the tens digit of f?
2
What is the units digit of (80/32)/((-669)/336 - -2)?
0
Let j(k) = -k**3 - 3*k**2 + 4*k - 5. Let x be j(-6). Let n = -54 + x. Suppose -5*u - 5*i = -n, 4*u - i - 24 = 1. What is the units digit of u?
6
Suppose -3*w - 13 = 5*g, -w + 5*w - 5*g = 6. Let n(u) = 16*u - 1. Let h be n(w). Let x = h - -30. What is the tens digit of x?
1
Suppose -4*v + 57 + 15 = 0. Suppose 4*r + v = -5*i, 5*i + 0*i + 2*r = -24. What is the units digit of ((-8)/6)/(1/i)?
8
Suppose 0 = -d + 15 + 21. What is the units digit of d?
6
Let l(f) = -3*f**3 - f**2 - f - 1. Let y be l(-2). Suppose -3*b - z + y = 2*z, -z = 5*b - 15. What is the units digit of b?
2
Let q(h) = 2*h + 6. Let x be q(-6). Let t = 1 - x. What is the units digit of t?
7
Let l(s) = s**3 - 4*s**2 + 2*s - 5. Let v be l(4). Let p(c) = -4 + v*c + 2*c - 3*c. What is the units digit of p(5)?
6
Let l(c) = -c**3 - 4*c**2 + 3*c - 6. Let i be l(-5). Suppose 4*t + i = 3*t, 0 = a + 3*t - 13. What is the units digit of a?
5
Let u be (-1 + 6/4)*4. Suppose 5*b = -2 - 8, u*i - 5*b = 10. Suppose i = g - 4*a - 8, -5*g + a = -3*a - 40. What is the units digit of g?
8
Suppose 0 = 3*n - 2*o - 5, 4*o - 5 = 3. Suppose -3*f - n = -0*f. Let t = f - -5. What is the units digit of t?
4
Suppose 2*f = -4*j + 12, -2*f = -j - 5 - 2. Let d = f + -5. What is the tens digit of 1*d*(1 - 11)?
1
Suppose -3*g + 5*s + 26 = 0, 2*g = -g - 3*s + 18. What is the units digit of g?
7
Suppose 2*v + 3*v - 3*j - 222 = 0, 5*j = -4*v + 148. What is the units digit of v?
2
Let p(j) = j + 19. Let a be p(-11). Suppose -98 + a = -2*u. What is the units digit of u?
5
Suppose 0*l - 2*l = -3*x - 22, 3*x + 12 = 0. Let i = l + 6. What is the tens digit of i?
1
Let q = 24 - -45. What is the units digit of q?
9
Let g be (3 + (-4 - 0))*1. Let a(p) = 21*p**2 + p + 1. What is the tens digit of a(g)?
2
Let y(z) = z**2 - 2*z + 6. Let l be y(5). Let o = -29 + l. What is the tens digit of (13/(-4))/(2/o)?
1
Suppose 1 = 2*x + x - u, 4*x = 2*u + 2. Suppose 2*t - 5 = -5*l + 14, -t + 2 = x. What is the units digit of l?
3
Let d = 244 - 110. What is the hundreds digit of d?
1
Suppose 0 = -5*x + 2*x - 66. Let z be x/18 - (-2)/9. Let h = 7 + z. What is the units digit of h?
6
Let c = -120 + 174. What is the units digit of c?
4
What is the units digit of 2098/8 + (1 - (-45)/(-36))?
2
Let u = 7 + -14. What is the tens digit of 2/(-7) - 142/u?
2
Let i = -3 - -1. What is the units digit of (-1 - i - 0)*9?
9
Suppose 3*r = 68 + 82. Let j = r - 32. What is the tens digit of j?
1
Let y = -176 + 304. What is the units digit of y?
8
Let y = 5 + -5. Suppose 3*x + 2*x - 15 = y. Suppose -2*i + 58 = 4*g - 7*i, -x*g = -4*i - 44. What is the units digit of g?
2
Let c = 4 - 4. Let f be 2/(-7) - 5/7. Let j = c - f. What is the units digit of j?
1
Let r(p) = -16*p - 27. What is the units digit of r(-8)?
1
Suppose -4*v + 38 = -s, 0 = 4*v + 3*s - 18 - 28. What is the tens digit of (34/2)/(v - 9)?
1
Let g(r) be the first derivative of 2/3*r**3 + 3 + r - r**2. What is the units digit of g(2)?
5
Let r(o) = 28*o**3 - o**2 + 2*o - 1. What is the units digit of r(1)?
8
What is the hundreds digit of (-4)/((-8)/(-26) + (-5)/15)?
1
Let n(t) = -t**2 - 10*t + 25. What is the units digit of n(-12)?
1
Let f(y) be the second derivative of 5*y**3/6 - y**2/2 + 7*y. What is the tens digit of f(3)?
1
Suppose 0 = 2*n + 6. Let p be (n/9)/(1/(-6)). What is the units digit of 0 - 0 - p - -4?
2
Let o(i) be the first derivative of i**4/24 + 2*i**3 + 3*i**2/2 - 4. Let k(x) be the second derivative of o(x). What is the units digit of k(0)?
2
Suppose 2*y = -3*b + 90 + 583, -3*b + 1361 = 4*y. What is the units digit of y?
4
Let n be (-3)/(-1)*10/6. Suppose -n = -2*y + 1. What is the units digit of (1 - y)*(-6)/4?
3
Let d(p) = -2*p - 6. Let y be d(-4). Suppose 14 = y*g - 2. Let r = -2 + g. What is the units digit of r?
6
Suppose 3*w - 1 = -m + 9, 0 = m - 2*w - 30. What is the units digit of m?
2
Let r(o) = 12*o**2 - 17*o + 5. What is the tens digit of r(5)?
2
Let h = 7 + -15. Let o = -11 - h. Let j = o - -8. What is the units digit of j?
5
Let x = 17 - 13. Suppose -2*s = x, -3*s + 34 = 2*p - 0*s. What is the tens digit of p?
2
Let k(v) = 7 + 5*v - v**3 + 0*v + 7*v**2 + 3*v. Let h be 2/(-6) - (-50)/6. What is the units digit of k(h)?
7
Suppose 0 = q - 6. What is the units digit of q?
6
Let d(s) = -s**2 - 18*s - 7. What is the tens digit of d(-9)?
7
Let t(l) = -5*l + 8. Suppose -4*h + r + 28 = 3*r, 5*h + 3*r - 37 = 0. Let f(a) = 1. Let c(n) = h*f(n) - t(n). What is the units digit of c(2)?
7
Let x = 157 - 89. What is the units digit of x?
8
Suppose -4*t = -p - 48, 3*t = -2*p - 2*p + 17. What is the units digit of t?
1
Suppose 0*u - 3*u = 0. Suppose -r + 5*r + 52 = u. Let x = r - -24. What is the units digit of x?
1
Let o = 15 + -24. Let w be (-5)/(-3) + (-3)/o. Suppose -3*x = w*x - 45. What is the units digit of x?
9
Suppose -261 = -11*x + 2*x. What is the units digit of x?
9
Suppose 0*x + 26 = -2*x. Let j be 2/(-8) - x/4. Suppose -3*f = -3*p + j, 3*f + 0*p = -p + 5. What is the units digit of f?
1
Suppose 2 - 34 = -o. What is the units digit of o?
2
Suppose -248 = -50*m + 46*m. What is the units digit of m?
2
Let n be 3 - (8 - (-4)/(-2)). Let i = 0 - n. What is the units digit of i/5*15/3?
3
Let i = 22 + -22. Suppose -10*t + 5*t + 45 = i. What is the units digit of t?
9
Let l(d) = d**2 - 8*d + 9. Let i be l(7). What is the units digit of (-3 - i)*-1 + -1?
4
Let h(y) = y**3 - 6*y**2 + 7*y - 8. Let i be h(5). Let l be 8 - 0*(-1)/2. Suppose -4*o + l = i*n - 2*o, -4 = -4*o. What is the units digit of n?
3
What is the tens digit of (1536/(-224))/(2/(-14))?
4
Suppose 0 = -0*h - h - 9. Let c = 9 + h. Let f = c + 7. What is the units digit of f?
7
Suppose -2*w + 2*z + 16 = 0, 0 = 4*w + 2*z - 8. What is the units digit of ((-2)/w)/((-4)/144)?
8
Let b(w) = 2*w - 9. Let j be b(7). Suppose s + 1 = j. Suppose -h - 25 = -2*p, p + 54 = 4*p + s*h. What is the units digit of p?
4
Suppose h - 74 = -h + 4*d, 0 = 3*h - d - 101. Suppose -27 - h = -5*m. What is the tens digit of m?
1
Let d(b) = b**3 - 4*b**2 - 2*b + 2. Let g be d(4). Suppose 2*r - 952 = -4*h, h = -4*r + 98 + 154. What is the tens digit of h/12 - (-4)/g?
1
Let z(j) = 16 + 4 + 5*j - 4*j + 18. What is the tens digit of z(0)?
3
Let r(g) = g**2 - g + 1. Let w be r(2). Suppose 0 = -w*p + n + 31, -5*p = -n - n - 51. What is the units digit of p?
1
Let a be (2 - 1)*(0 + -4). Let x = a - 17. Let c = 34 + x. What is the tens digit of c?
1
Suppose 0 = 2*s + 2 + 2. Let z(q) = 2*q**2 + 3*q. Let t be z(s). Suppose -2*k - 4 = t*u, 0*u = u + 5*k + 14. What is the units digit of u?
1
Let p(n) = 4*n**2 - 2*n - 2. What is the units digit of p(-1)?
4
Let g = 12 + -5. What is the units digit of g?
7
Let u(r) = -48*r. What is the units digit of u(-1)?
8
Let q be (-1 - -2) + 27 + -17. What is the units digit of (-3)/(-9)*9*q?
3
Suppose -5*j = -3*l - 126, 2*l + 134 - 5 = 5*j. What is the tens digit of j?
2
Suppose 0 = -5*c + 28 + 317. What is the tens digit of c?
6
Let g(v) = 3*v**2 + 13*v + 2. What is the units digit of g(-8)?
0
Let l(i) = i**3 - 6*i**2 - 8*i + 6. Let n be l(7). Let d be n/(-5) - (-87)/15. What is the units digit of (-6)/(-4)*28/d?
7
Let p(i) = -i**2 + 2*i + 4. Let r be p(4). Suppose 9 = 3*y - 9. Let n = r + y. What is the units digit of n?
2
Let u(p) = -3*p**3 + 3*p**2 - 2. Let d be u(2). What is the tens digit of 33/2*d/(-21)?
1
Let d(z) = -z**2 - 5*z - 4. Let b be d(-4). Suppose -o = -b*o - 20. Suppose -3*a + 7*a - 3*i - 26 = 0, 2*a = 5*i + o. What is the units digit of a?
5
Let m = 1 - -2. Suppose -3 = m*c - 27. What is the units digit of c?
8
Suppose -4*p + 11 = -9. Suppose 3*c - 40 = -p*k, 5*c = -2*k - 5 + 2. What is the units digit of k?
1
Suppose 170 = 5*x + 5*w - 3*w,